2*p**2 - 2 - 3*p**2 + 1 + 9. Suppose -t = t. What are the prime factors of q(t)?
2
Suppose 0 = i - 3*t + 11, -6*t - 10 = -11*t. What are the prime factors of (i/3)/((-2)/18)?
3, 5
Let c = 8 - 14. Let u = -2 - c. Suppose 4*a - 24 = 2*l, -9 - 11 = -u*a + 3*l. List the prime factors of a.
2
Let m(k) = -k**2 + 5*k + 3. Suppose 0 = 4*l - 4*t + 20, -l - 3*l - 5*t = 65. Let o be 119/35 + (-6)/l. List the prime factors of m(o).
7
Suppose -4*v - 326 = -5*h - 50, -5*v = -5. What are the prime factors of h?
2, 7
Suppose 0 = -3*r + 43 + 23. Let v = 2 + 1. Suppose r = v*z - z. List the prime factors of z.
11
What are the prime factors of 876/22 - 8/(-44)?
2, 5
Let u(v) = v**2 - v - 1. Let a be u(-2). Suppose 3*b + 6*i = a*i - 25, 42 = -4*b + 3*i. Let f = b - -20. What are the prime factors of f?
11
Let s(y) = 1 - 3*y**3 + 6*y**3 - y**3 - 2 - 2*y + 4*y**2. What are the prime factors of s(2)?
3
Let d = 14 - -60. List the prime factors of d.
2, 37
Suppose -5*r + 0*r + 40 = 0. Suppose -4*n + r*n + 72 = 4*h, -4*n + 18 = h. List the prime factors of h.
2, 3
Let i be 1 + -1 + -19*2. Let r = i - -59. What are the prime factors of 183/r - (-4)/14?
3
Let x be 414/(-10) - (-18)/45. List the prime factors of (x - 3)*(-1)/2.
2, 11
What are the prime factors of 55 + (7 - 3) + -1?
2, 29
Let p be 8/28 - 130/14. List the prime factors of (3/p + 1)*6.
2
Let v = 104 + -22. List the prime factors of v.
2, 41
Suppose x + 22 = -10. Let r = 11 + x. What are the prime factors of ((-14)/r)/((-2)/(-33))?
11
Let o = 10 + -6. Suppose 121 = 5*q + 16. Suppose -o*r = -r - q. List the prime factors of r.
7
Suppose -u = 2*u - 15. Suppose -4*s + 14 = -5*b, -u*b + 57 = 5*s + 17. Suppose -s = -z - z. List the prime factors of z.
3
List the prime factors of 5/(-30) - (-1065)/18.
59
Suppose -3*o - 162 = -0*o. Let b = o + 88. Let a = b - 18. What are the prime factors of a?
2
Let b be 1 + (-3)/1 + 6. Let u = b - 0. Suppose u*i - i = -3, -4*f - 4*i + 12 = 0. List the prime factors of f.
2
Let r = 184 + -95. What are the prime factors of r?
89
Suppose -16*q + 12*q + 872 = 0. What are the prime factors of q?
2, 109
What are the prime factors of 12/15 - (-584)/20?
2, 3, 5
Let d be (-60)/(-8)*(-6)/(-5). Suppose -2*h = -2*w + 12, d = h + 2*h. List the prime factors of w.
3
Let d be (-1 - (13 + 0))*-2. Suppose -h + 5 = -0*u + u, d = 5*u + 2*h. List the prime factors of u.
2, 3
Suppose -3*c - 3*o = -0*o - 249, -c - 5*o = -99. What are the prime factors of c?
79
Let c(n) be the second derivative of -n**3/2 - 5*n**2 - 3*n. What are the prime factors of c(-7)?
11
Suppose 0 = -2*k + 3*x + 19, 7*k - 2*k - 3*x = 25. Suppose 0 = 4*j - 8 - 12. Suppose 3*y + k*f = j*f + 15, 0 = -y - 3*f + 25. What are the prime factors of y?
2, 5
Let i = -360 - -516. List the prime factors of i.
2, 3, 13
Let d = 3 + 3. Let t be (d/8)/((-4)/(-32)). Let p = 10 - t. List the prime factors of p.
2
Let u(j) = j**3 + 7*j**2 + 3*j. Let w be u(-6). Let p be (5/(-3))/((-6)/w). Let s = 2 + p. What are the prime factors of s?
7
Let j(z) = z**2 + 6*z + 4. List the prime factors of j(-7).
11
Let q(z) be the first derivative of 2*z**3/3 + 7*z**2/2 + 5. What are the prime factors of q(-5)?
3, 5
Suppose -4*t + 274 = l, 3*l - 3 = 3. What are the prime factors of t?
2, 17
Let k(v) = -v**2 + 2*v - 1. Let l be k(3). What are the prime factors of l/6*342/(-12)?
19
Suppose -6*h = -3*h. Suppose 2*y - 33 - 53 = h. What are the prime factors of y?
43
Suppose -2*q = -7*q. Suppose 2*i - i - 7 = -u, 3*u + i - 13 = q. Suppose -r + 19 = -u*l, l + l - 14 = -2*r. What are the prime factors of r?
2, 5
Let b(r) = -r**3 + 9*r**2 + 3*r. What are the prime factors of b(8)?
2, 11
Let g = 33 - 10. Let u = g + -14. List the prime factors of u.
3
Let p be (1 - 2)/((-2)/10). Suppose -9 - 1 = -p*f. Suppose -f*i = 5*h - h - 12, -2*h - 2*i + 6 = 0. What are the prime factors of h?
3
Suppose -3*x + 32 = -7*x. List the prime factors of (1 + (-116)/x)*2.
31
Let f(h) = h + 1. Let v be f(-4). Let b be (-1 - 0)/1 - v. What are the prime factors of b/7 - 54/(-7)?
2
Let g = 6 - 4. Suppose g*d + 4 = n, 5*n - d - 27 = 2*d. Let w = n + 3. List the prime factors of w.
3
Let b(q) = -q**3 + 7*q**2 - 4*q - 1. Let h be b(6). Suppose -r + 10 = -h. What are the prime factors of r?
3, 7
Let b = 252 - -9. What are the prime factors of b?
3, 29
What are the prime factors of (-6 + -3)*(-3 - -2)?
3
Let s(o) = o**2 - 15*o + 16. Let m be s(14). Suppose -m*d + 84 - 26 = 0. List the prime factors of d.
29
Let c(m) = 4*m**3 - 12*m**2 - 15*m + 3. List the prime factors of c(6).
3, 5, 23
Let x(b) = -4*b - 3. Let d be x(-2). Let s be (-1 - (1 + -2))/2. Suppose s = -2*j + d + 19. What are the prime factors of j?
2, 3
Let t be ((-18)/21)/((-1)/7). Let p(y) = 2*y - 7. Let m(q) = 6*q - 21. Let g(s) = t*m(s) - 17*p(s). What are the prime factors of g(8)?
3
What are the prime factors of 54/15 + (-2)/(-5)?
2
Suppose 3*g - 57 = 36. Let h = g + -5. List the prime factors of h.
2, 13
Let b(p) = p**2 + p. Let l(j) = -7*j**2 - 13*j - 1. Let t(y) = 6*b(y) + l(y). Suppose 2*z + 16 = -2*z. List the prime factors of t(z).
11
Let d(a) be the third derivative of a**7/105 + a**5/120 - a**3/3 - 2*a**2. Let g(i) be the first derivative of d(i). List the prime factors of g(1).
3
Let z(y) = y**3 - 5*y**2 + 6*y - 3. Let h be z(4). Let m(g) = 2*g. Let f be m(h). Suppose u + 0 = f. What are the prime factors of u?
2, 5
Let b(n) = -13*n**3 - n**2 + n + 1. Let d be b(-1). Let a = 4 + 0. Suppose i = -4*p + 4, i + i + a*p = d. List the prime factors of i.
2
Suppose -k + 2*p = -p - 42, 4*k = 2*p + 208. What are the prime factors of k?
2, 3
Suppose -x = -2*i - 5, x + 6 = -2*i + 3*x. Let g be 3/(i/8*3). Let s(q) = -q. What are the prime factors of s(g)?
2
Suppose 2*f - 4 = 2*m, 2*f - 6*f = -m - 8. Suppose -f*i + 5*i = 0. Suppose -5 = -4*p + 3*o, -o + i*o - 7 = -4*p. List the prime factors of p.
2
Suppose j = 10*j - 1098. List the prime factors of j.
2, 61
Let z(l) = -2*l**3 + 14*l**2 - 6*l - 9. Let d(h) = -3*h**3 + 21*h**2 - 9*h - 13. Let g(k) = 5*d(k) - 8*z(k). List the prime factors of g(7).
2, 7
Let j = 12 + 23. List the prime factors of j.
5, 7
Let y(o) = 42*o. List the prime factors of y(4).
2, 3, 7
Let b = -3 + 4. Let m(s) = -s**3 - 6*s**2 - 9*s - 2. Let j be m(-4). List the prime factors of b*-1*j + 4.
2
Let j(u) = -u + 12. Let y be j(11). List the prime factors of (-74)/(-5) + y/5.
3, 5
Let y(g) = 0*g - g + 4*g - 4*g + 2*g**3 - 1. What are the prime factors of y(2)?
13
Let t(u) = -2*u**2 + 8*u + 7 + u**2 - 4*u. List the prime factors of t(5).
2
Let y(q) = 2*q**2 - 15*q + 5. List the prime factors of y(-6).
167
Let n(o) = o + 11. Let v be n(-6). Let x = v - 1. Let r = x - 1. List the prime factors of r.
3
Suppose h - 3 = 1. Suppose -h*t + 2 + 19 = a, 5*a - 60 = -5*t. What are the prime factors of a?
3
Let x(q) = q**2 + 8*q + 5. What are the prime factors of x(-8)?
5
Suppose i - 4*b = 10 + 4, i + 6 = -b. Let w = 0 - i. Suppose 2*n = x - n - 14, w*n + 1 = -x. What are the prime factors of x?
5
Suppose -s - 3*n + 165 = 0, 2*s + 4*n = -0*n + 322. What are the prime factors of s?
3, 17
Suppose 2*u = -10*o + 5*o + 114, 3*u - 157 = -4*o. What are the prime factors of u?
47
Suppose 0*o = o - 1. Let a(c) = 3*c**2 - c + 1. Let v be a(o). Suppose g + v*g = 40. List the prime factors of g.
2, 5
Let r = 4 - -9. What are the prime factors of r?
13
List the prime factors of (((-508)/3)/4)/((-3)/9).
127
Suppose -4*c + 221 = o, o + 12 = 2*c - 103. What are the prime factors of c?
2, 7
Let w = 45 - 14. What are the prime factors of w?
31
Let p(n) be the third derivative of n**6/360 + n**5/30 - n**4/6 - n**3/6 + 3*n**2. Let o(y) be the first derivative of p(y). List the prime factors of o(3).
17
Let n = -1 - -2. Let b be n/(1*3/6). Suppose -b*w + 52 - 20 = 0. List the prime factors of w.
2
Suppose 3*r = -5*t - 7 + 1, 4*t = -4*r. Let j be (5 - -19)/(2/(8/6)). Suppose -u - r*u = -j. List the prime factors of u.
2
What are the prime factors of (22/(-4))/(2/(-20))?
5, 11
Let g(u) = -u**2 + 17*u - 10. What are the prime factors of g(10)?
2, 3, 5
Let i(s) = s**3 - 8*s**2 + 10*s + 3. Let k(l) = 2*l + 19. Let y be k(-6). List the prime factors of i(y).
2, 3
List the prime factors of (-1 - (0 - -1)) + 66/11.
2
List the prime factors of 303/5 - 8/(-20